 Let l = -5 + 10. Suppose k = l*r - 0. What is the greatest common divisor of 60 and r?
10
Suppose 8*m = 15*m. Suppose 58 = 5*l + 2*s - 6*s, m = -2*l + 3*s + 19. What is the highest common factor of l and 14?
14
Suppose 13 = 5*t - 4*o, -2*t + t = 2*o + 3. Let f be 4*54/(-4)*(-2)/(-4). Let g = -20 - f. Calculate the highest common divisor of g and t.
1
Let m(f) = -2*f**2 - 2*f + 2. Let g be m(-2). Let y be (-115)/(-9) + g/(-9). Calculate the highest common divisor of y and 65.
13
Let z(p) = 27*p**2 + 1. Let u be z(1). Calculate the highest common factor of 8 and u.
4
Suppose -3*z - 2 = -4*z. Let i(u) = -u**3 - 5*u**2 - 2*u + 4. Let d be i(-5). Suppose 0*t = t - d. What is the highest common divisor of z and t?
2
Let m be (-4)/(-16) - 798/(-8). Let j = -72 + m. Let r = 57 - 29. Calculate the greatest common divisor of r and j.
28
Suppose -5*j + 25 = 2*r - 1, -16 = -r - 4*j. What is the greatest common divisor of r and 424?
8
Let i = -49 - -51. Suppose i*s - 3*b - 108 = -4*b, 5*b = -10. What is the highest common factor of 22 and s?
11
Suppose -2*h + 29*b = 32*b - 5067, 5*h - b = 12710. What is the highest common factor of 21 and h?
21
Let d = 20 - 18. Suppose -2*p + p - 107 = -4*x, 0 = -2*x + d*p + 46. Calculate the highest common divisor of x and 140.
28
Suppose 0*x - 5*x = -3*k + 3, 12 = k + 2*x. Let b be k/(-15) + (-162)/(-5). Let n = -1324 - -1328. What is the greatest common divisor of n and b?
4
Suppose 9*w - 345 = 4*w. Suppose -4*o = -g + 56, -5*o + w = 4*g - 50. Calculate the highest common divisor of 24 and g.
12
Let v(z) = z**3 - 5*z**2 + z + 4. Let a be v(5). Let d be (2/(-6) - 0/(-5))*0. Suppose d = -5*p + 137 + 178. What is the greatest common factor of p and a?
9
Let z be ((-1)/2)/((-7)/420). Let w be z/24*1*16. Suppose -w = -5*c + 4*c. Calculate the greatest common divisor of c and 5.
5
Let x(f) = f**2 - 7*f - 10. Let s be x(10). Let l be (1 + 19)*(-44 + 53). Calculate the greatest common factor of s and l.
20
Let z be (7945/(-42) + (-2)/(-12))*-3. Calculate the highest common factor of 63 and z.
63
Let b = 7 - 5. Suppose 0*p = -b*p + 12. Let u(k) = -18*k + 6. Let z be u(-3). Calculate the greatest common divisor of z and p.
6
Let a(j) = -37*j + 17. Let s(l) = l**3 - 7*l**2 + l - 11. Let m be s(7). Let g be a(m). Calculate the greatest common divisor of g and 66.
33
Let g be 2*(-1)/2*5. Let p = g - -9. Suppose -24 = -o - o. Calculate the greatest common factor of o and p.
4
Let l(s) = -3*s**3 + s - 1. Let m be l(1). Let h be (-11)/(-3) + 2/m. Suppose w - h - 2 = 0. Calculate the greatest common divisor of w and 5.
5
Let j(s) = -s**3 + s**2 - 5*s + 5. Let d be j(4). Let y = 43 + d. Let l = -15 - y. What is the greatest common divisor of l and 2?
1
Let f = -71 - -105. Let h = 58 - 41. Calculate the greatest common divisor of h and f.
17
Suppose -30*z = -8*z - 660. What is the highest common factor of z and 570?
30
Let q(d) = 3*d**2 - 1. Let z be 0 - (6 + -3 - 2). Let r be q(z). Suppose 3*t - 11 = -o, -3*o + o - 2 = -r*t. What is the greatest common factor of 2 and t?
1
Let j(b) = 12*b**2 - 2*b - 24*b**2 + 3*b - 4 + 40*b**2. Let s be j(2). What is the greatest common factor of s and 10?
10
Let y be (-1120)/(-15)*(2 - 9)*(-3)/14. Suppose -14 = -2*g - f, g + f + 2 = 9. Calculate the highest common divisor of y and g.
7
Let f be 0/(-1) - (1 + -3). Suppose -2*l + 20 = -5*d, -5*l + 10 = -f*d - 19. Let b be (d - -212) + -3 + 1. Calculate the highest common factor of b and 26.
26
Let f(a) = -a**2 - 10*a - 2. Suppose 0*u = 4*u, 0 = -4*x + 5*u - 28. Let r be f(x). What is the greatest common factor of r and 76?
19
Let u(x) be the third derivative of x**5/60 + 3*x**4/8 + 5*x**3/2 + 8*x**2. Let j be u(-9). What is the greatest common divisor of 3 and j?
3
Let w(m) = m - 2. Let f be w(4). Let g(t) = -f + 0*t - 2*t + 2. Let k be g(-10). What is the greatest common divisor of k and 5?
5
Let f be 31 - (2 + -11) - 8. Calculate the highest common divisor of 1888 and f.
32
Suppose 2*v - 12 = -2*v. Suppose 0 = v*n - 12, -12 = -5*k - 3*n + 55. Let u = 171 - 72. Calculate the highest common factor of k and u.
11
Let b be 86/(-129) + 17/3 - -22. Calculate the highest common divisor of 459 and b.
27
Let p = 343 - 321. What is the highest common factor of 902 and p?
22
Let z = 1324 + -1094. What is the greatest common factor of z and 138?
46
Let i = -68 - -76. Let w be (-12)/(-42) + i*(-57)/(-21). Calculate the greatest common factor of w and 2.
2
Let p be 7/(35/(-30)) - -34. What is the highest common divisor of p and 16?
4
Suppose -4*q = q - 15. Suppose -2*d - 679 = -3*o, 0 = -3*d + 2*d + q*o - 335. Let k = d + 484. Calculate the greatest common divisor of 56 and k.
28
Suppose 4*f - 2*f + 24 = 0. Let i be 72*((-80)/f + -5). What is the greatest common divisor of i and 24?
24
Let z = 4 + 21. Let v be 2/18 + 14104/72 + 4. What is the highest common divisor of z and v?
25
Let h be (-370)/12 - 11/66. Let w = -16 - h. What is the greatest common divisor of w and 60?
15
Let u = -2 + 8. Suppose 2*f - 18 = 2*p - u, 2*f = -2*p + 8. Let c be 6/(-6*p/39). Calculate the highest common factor of c and 13.
13
Let r(u) = u**2 + 7*u + 11. Let s be 1/(-4 - (-70)/18). Let m be r(s). Let d = -9 + m. What is the greatest common factor of d and 4?
4
Let k(x) = 2*x**3 - x**2 + x + 10. Let i be k(0). Suppose d - p = 11, -5*d + 5*p + i = -3*d. Calculate the greatest common divisor of d and 165.
15
Suppose -4*n - 18*u = -22*u - 1636, -5*u + 853 = 2*n. Calculate the greatest common factor of 322 and n.
46
Let t(k) = k**3 - 5*k**2 - 2. Let q(g) = g**2 + 5*g - 9. Let o be q(-7). Let r be t(o). Let s be r/((4/(-6))/1). What is the greatest common divisor of 3 and s?
3
Let o = 1048 + -1034. What is the greatest common factor of 1708 and o?
14
Let f be (3 - 3/1) + -10. Let x = -5 - f. Suppose 0 = -x*v + m + 62, -5*v - 2*m + 5*m = -66. Calculate the greatest common factor of 60 and v.
12
Let h(w) = -49*w - 31. Let f be h(-1). Calculate the highest common factor of 324 and f.
18
Suppose 83 = 4*v + 71. Let m be 64/v - (-34)/51. Calculate the highest common divisor of m and 154.
22
Let n = -70 - -187. Suppose -3*j + 0*j - n = -4*o, 0 = 3*o + 2*j - 75. What is the highest common divisor of o and 81?
27
Suppose o - 4*f - 446 = -4*o, 2*o - 2*f = 180. What is the greatest common factor of o and 2?
2
Let y be 1*-1 - -2 - 7722/(-54). Let h = y + -109. What is the highest common factor of h and 5?
5
Let w(x) = -x**3 - 6*x**2 + 7*x + 6. Let n = 21 + -41. Let t be 5/n - (-27)/(-4). Let u be w(t). Calculate the greatest common divisor of u and 9.
3
Let m be (-4028)/(-14) - 4/(-14). Let w be 39 - (92/161 + (-34)/(-14)). What is the highest common factor of w and m?
36
Let f(s) = s + 20. Let q be f(-15). Let i be (-2 - (-8 + 6)) + (q - 1). What is the greatest common factor of i and 64?
4
Suppose -3*d - 2*g = -21 - 60, -g = 5*d - 128. What is the greatest common factor of 30 and d?
5
Suppose 3*y = -4*u + 79, 0 = y + 6 - 3. Suppose 0*c = -5*c + 550. Suppose c = 3*p - p. What is the highest common divisor of u and p?
11
Suppose 0 = -3*l - 14*l + 748. Calculate the greatest common divisor of l and 8.
4
Suppose 0 = 5*l, -4*l - 11 = -2*o + 7. What is the highest common divisor of 27 and o?
9
Suppose 3*i - i - 140 = 0. Let z = 219 + -44. What is the greatest common divisor of z and i?
35
Let r be (-3)/(-2) + ((-476)/(-8))/(-7). Let t(l) = -3*l + 19. Let i be t(r). Calculate the highest common divisor of i and 8.
8
Let y = 3 + 4. Suppose 2*c = t, y*t - 6*t = 5*c. Let o be (-3 + t)*110/(-6). What is the greatest common factor of o and 11?
11
Suppose z - 4 = l, -3*l - 4 = -0*z + z. Let w = 17 + -18. Let o = w - l. Calculate the greatest common factor of 5 and o.
1
Suppose 4*p - 3 = 5. Suppose -2*q + 74 = -p*a, -3*a = -7*q + 2*q + 181. Let t be (-86)/(-6) - (1 - (-2)/(-3)). Calculate the highest common factor of q and t.
7
Suppose -5*d + 5*w = -430, -16*d + 6*w = -15*d - 66. Let p = 23 - 13. What is the highest common divisor of d and p?
10
Let i = 2 + 10. Let j be -8 + 8 - (-1 - -4). Let t be 4 + (1 - (j - -2)). What is the highest common factor of t and i?
6
Suppose 4*b - 3*p = 123, 2*b - 3*p + 93 = 6*b. Let g = -18 + b. Suppose -j = -5*f - 31, 4*j - 5*j - 3*f = g. What is the greatest common divisor of 